[INFO] cloning repository https://github.com/invis87/rust-api-service
[INFO] running `Command { std: "git" "-c" "credential.helper=" "-c" "credential.helper=/workspace/cargo-home/bin/git-credential-null" "clone" "--bare" "https://github.com/invis87/rust-api-service" "/workspace/cache/git-repos/https%3A%2F%2Fgithub.com%2Finvis87%2Frust-api-service", kill_on_drop: false }`
[INFO] [stderr] Cloning into bare repository '/workspace/cache/git-repos/https%3A%2F%2Fgithub.com%2Finvis87%2Frust-api-service'...
[INFO] running `Command { std: "git" "rev-parse" "HEAD", kill_on_drop: false }`
[INFO] [stdout] c50965350192eba9e80ea0930a455bf6bbf02365
[INFO] checking invis87/rust-api-service against master#af3c6e733a40e671550e0f0f5aeecaa13772ba56 for pr-74989
[INFO] running `Command { std: "git" "clone" "/workspace/cache/git-repos/https%3A%2F%2Fgithub.com%2Finvis87%2Frust-api-service" "/workspace/builds/worker-3/source", kill_on_drop: false }`
[INFO] [stderr] Cloning into '/workspace/builds/worker-3/source'...
[INFO] [stderr] done.
[INFO] validating manifest of git repo https://github.com/invis87/rust-api-service on toolchain af3c6e733a40e671550e0f0f5aeecaa13772ba56
[INFO] running `Command { std: "/workspace/cargo-home/bin/cargo" "+af3c6e733a40e671550e0f0f5aeecaa13772ba56" "read-manifest" "--manifest-path" "Cargo.toml", kill_on_drop: false }`
[INFO] started tweaking git repo https://github.com/invis87/rust-api-service
[INFO] finished tweaking git repo https://github.com/invis87/rust-api-service
[INFO] tweaked toml for git repo https://github.com/invis87/rust-api-service written to /workspace/builds/worker-3/source/Cargo.toml
[INFO] crate git repo https://github.com/invis87/rust-api-service already has a lockfile, it will not be regenerated
[INFO] running `Command { std: "/workspace/cargo-home/bin/cargo" "+af3c6e733a40e671550e0f0f5aeecaa13772ba56" "fetch" "--locked" "--manifest-path" "Cargo.toml", kill_on_drop: false }`
[INFO] [stderr]     Blocking waiting for file lock on package cache
[INFO] [stderr]     Updating crates.io index
[INFO] [stderr] error: the lock file /workspace/builds/worker-3/source/Cargo.lock needs to be updated but --locked was passed to prevent this
[INFO] [stderr] If you want to try to generate the lock file without accessing the network, use the --offline flag.
[INFO] the lockfile is outdated, regenerating it
[INFO] running `Command { std: "/workspace/cargo-home/bin/cargo" "+af3c6e733a40e671550e0f0f5aeecaa13772ba56" "generate-lockfile" "--manifest-path" "Cargo.toml" "-Zno-index-update", kill_on_drop: false }`
[INFO] [stderr]     Blocking waiting for file lock on package cache
[INFO] running `Command { std: "/workspace/cargo-home/bin/cargo" "+af3c6e733a40e671550e0f0f5aeecaa13772ba56" "fetch" "--locked" "--manifest-path" "Cargo.toml", kill_on_drop: false }`
[INFO] [stderr]     Blocking waiting for file lock on package cache
[INFO] running `Command { std: "docker" "create" "-v" "/var/lib/crater-agent-workspace/builds/worker-3/target:/opt/rustwide/target:rw,Z" "-v" "/var/lib/crater-agent-workspace/builds/worker-3/source:/opt/rustwide/workdir:ro,Z" "-v" "/var/lib/crater-agent-workspace/cargo-home:/opt/rustwide/cargo-home:ro,Z" "-v" "/var/lib/crater-agent-workspace/rustup-home:/opt/rustwide/rustup-home:ro,Z" "-e" "SOURCE_DIR=/opt/rustwide/workdir" "-e" "CARGO_TARGET_DIR=/opt/rustwide/target" "-e" "CARGO_HOME=/opt/rustwide/cargo-home" "-e" "RUSTUP_HOME=/opt/rustwide/rustup-home" "-w" "/opt/rustwide/workdir" "-m" "1610612736" "--user" "0:0" "--network" "none" "rustops/crates-build-env@sha256:d92eaeed33fa75130ca1ee6c8a01d1ffb62bac859dfdfb3450e3e5d1c0146529" "/opt/rustwide/cargo-home/bin/cargo" "+af3c6e733a40e671550e0f0f5aeecaa13772ba56" "metadata" "--no-deps" "--format-version=1", kill_on_drop: false }`
[INFO] [stdout] aef858d121b163be6d4bdb38d9c4d35c71283ca20dcf73a3912d92d51ad9e0d1
[INFO] [stderr] WARNING: Your kernel does not support swap limit capabilities or the cgroup is not mounted. Memory limited without swap.
[INFO] running `Command { std: "docker" "start" "-a" "aef858d121b163be6d4bdb38d9c4d35c71283ca20dcf73a3912d92d51ad9e0d1", kill_on_drop: false }`
[INFO] running `Command { std: "docker" "inspect" "aef858d121b163be6d4bdb38d9c4d35c71283ca20dcf73a3912d92d51ad9e0d1", kill_on_drop: false }`
[INFO] running `Command { std: "docker" "rm" "-f" "aef858d121b163be6d4bdb38d9c4d35c71283ca20dcf73a3912d92d51ad9e0d1", kill_on_drop: false }`
[INFO] [stdout] aef858d121b163be6d4bdb38d9c4d35c71283ca20dcf73a3912d92d51ad9e0d1
[INFO] running `Command { std: "docker" "create" "-v" "/var/lib/crater-agent-workspace/builds/worker-3/target:/opt/rustwide/target:rw,Z" "-v" "/var/lib/crater-agent-workspace/builds/worker-3/source:/opt/rustwide/workdir:ro,Z" "-v" "/var/lib/crater-agent-workspace/cargo-home:/opt/rustwide/cargo-home:ro,Z" "-v" "/var/lib/crater-agent-workspace/rustup-home:/opt/rustwide/rustup-home:ro,Z" "-e" "SOURCE_DIR=/opt/rustwide/workdir" "-e" "CARGO_TARGET_DIR=/opt/rustwide/target" "-e" "CARGO_INCREMENTAL=0" "-e" "RUST_BACKTRACE=full" "-e" "RUSTFLAGS=--cap-lints=forbid" "-e" "CARGO_HOME=/opt/rustwide/cargo-home" "-e" "RUSTUP_HOME=/opt/rustwide/rustup-home" "-w" "/opt/rustwide/workdir" "-m" "1610612736" "--user" "0:0" "--network" "none" "rustops/crates-build-env@sha256:d92eaeed33fa75130ca1ee6c8a01d1ffb62bac859dfdfb3450e3e5d1c0146529" "/opt/rustwide/cargo-home/bin/cargo" "+af3c6e733a40e671550e0f0f5aeecaa13772ba56" "check" "--frozen" "--all" "--all-targets" "--message-format=json", kill_on_drop: false }`
[INFO] [stderr] WARNING: Your kernel does not support swap limit capabilities or the cgroup is not mounted. Memory limited without swap.
[INFO] [stdout] 8422f938153cd810bf5c96f670185d7ec6d7a9bdb6cb906e87c75278073067c3
[INFO] running `Command { std: "docker" "start" "-a" "8422f938153cd810bf5c96f670185d7ec6d7a9bdb6cb906e87c75278073067c3", kill_on_drop: false }`
[INFO] [stderr]    Compiling syn v1.0.41
[INFO] [stderr]    Compiling cc v1.0.59
[INFO] [stderr]     Checking encoding_index_tests v0.1.4
[INFO] [stderr]    Compiling syn v0.15.44
[INFO] [stderr]     Checking subtle v2.3.0
[INFO] [stderr]     Checking stable_deref_trait v1.2.0
[INFO] [stderr]     Checking subtle v1.0.0
[INFO] [stderr]    Compiling build_const v0.2.1
[INFO] [stderr]    Compiling slog v2.5.2
[INFO] [stderr]    Compiling v_htmlescape v0.4.5
[INFO] [stderr]     Checking zeroize v1.1.0
[INFO] [stderr]     Checking base64 v0.12.3
[INFO] [stderr]     Checking ref_slice v1.2.0
[INFO] [stderr]     Checking bytes v0.5.6
[INFO] [stderr]     Checking byteorder v0.5.3
[INFO] [stderr]     Checking lazycell v1.3.0
[INFO] [stderr]     Checking pin-project-lite v0.1.7
[INFO] [stderr]     Checking tower-service v0.1.0
[INFO] [stderr]     Checking rand_core v0.3.1
[INFO] [stderr]     Checking thread_local v1.0.1
[INFO] [stderr]     Checking crossbeam-utils v0.6.6
[INFO] [stderr]    Compiling nom v4.2.3
[INFO] [stderr]    Compiling actix-web v0.7.19
[INFO] [stderr]     Checking encoding-index-singlebyte v1.20141219.5
[INFO] [stderr]     Checking encoding-index-tradchinese v1.20141219.5
[INFO] [stderr]     Checking encoding-index-japanese v1.20141219.5
[INFO] [stderr]     Checking encoding-index-simpchinese v1.20141219.5
[INFO] [stderr]     Checking encoding-index-korean v1.20141219.5
[INFO] [stderr]     Checking owning_ref v0.4.1
[INFO] [stderr]     Checking log v0.4.11
[INFO] [stderr]     Checking rand_hc v0.1.0
[INFO] [stderr]     Checking rand_isaac v0.1.1
[INFO] [stderr]     Checking rand_xorshift v0.1.1
[INFO] [stderr]    Compiling crc v1.8.1
[INFO] [stderr]     Checking socket2 v0.3.15
[INFO] [stderr]     Checking rand v0.5.6
[INFO] [stderr]     Checking dirs-sys v0.3.5
[INFO] [stderr]     Checking atty v0.2.14
[INFO] [stderr]     Checking crossbeam-utils v0.7.2
[INFO] [stderr]     Checking snap v0.2.5
[INFO] [stderr]     Checking rand_chacha v0.1.1
[INFO] [stderr]     Checking crossbeam-channel v0.3.9
[INFO] [stderr]     Checking lock_api v0.1.5
[INFO] [stderr]     Checking dirs v2.0.2
[INFO] [stderr]     Checking tokio v0.2.22
[INFO] [stderr]     Checking universal-hash v0.3.0
[INFO] [stderr]     Checking block-cipher-trait v0.6.2
[INFO] [stderr]     Checking crypto-mac v0.7.0
[INFO] [stderr]     Checking aead v0.2.0
[INFO] [stderr]     Checking regex v1.3.9
[INFO] [stderr]     Checking tokio-io v0.1.13
[INFO] [stderr]     Checking mio v0.6.22
[INFO] [stderr]     Checking want v0.2.0
[INFO] [stderr]     Checking log v0.3.9
[INFO] [stderr]     Checking error-chain v0.10.0
[INFO] [stderr]     Checking term v0.6.1
[INFO] [stderr]     Checking encoding v0.2.33
[INFO] [stderr]     Checking rand v0.6.5
[INFO] [stderr]     Checking aes-soft v0.3.3
[INFO] [stderr]     Checking polyval v0.3.3
[INFO] [stderr]     Checking hmac v0.7.1
[INFO] [stderr]     Checking tokio-executor v0.1.10
[INFO] [stderr]     Checking crossbeam-epoch v0.8.2
[INFO] [stderr]     Checking crossbeam-queue v0.2.3
[INFO] [stderr]     Checking crossbeam-channel v0.4.4
[INFO] [stderr]     Checking twox-hash v1.5.0
[INFO] [stderr]     Checking slog-term v2.6.0
[INFO] [stderr]     Checking hkdf v0.8.0
[INFO] [stderr]     Checking tokio-timer v0.2.13
[INFO] [stderr]     Checking tokio-current-thread v0.1.7
[INFO] [stderr]     Checking ghash v0.2.3
[INFO] [stderr]     Checking tokio-codec v0.1.2
[INFO] [stderr]     Checking h2 v0.1.26
[INFO] [stderr]     Checking publicsuffix v1.5.4
[INFO] [stderr]     Checking aes v0.3.2
[INFO] [stderr]     Checking crossbeam-deque v0.7.3
[INFO] [stderr]     Checking url v1.7.2
[INFO] [stderr]     Checking aes-gcm v0.5.0
[INFO] [stderr]     Checking tokio-reactor v0.1.12
[INFO] [stderr]     Checking mio-uds v0.6.8
[INFO] [stderr]     Checking tokio-threadpool v0.1.18
[INFO] [stderr]     Checking slog-async v2.5.0
[INFO] [stderr]     Checking cookie v0.11.3
[INFO] [stderr]    Compiling openssl-sys v0.9.58
[INFO] [stderr]    Compiling miniz-sys v0.1.12
[INFO] [stderr]    Compiling brotli-sys v0.3.2
[INFO] [stderr]     Checking tokio-tcp v0.1.4
[INFO] [stderr]     Checking tokio-udp v0.1.6
[INFO] [stderr]     Checking tokio-uds v0.2.7
[INFO] [stderr]     Checking tokio-signal v0.2.9
[INFO] [stderr]     Checking uuid v0.7.4
[INFO] [stderr]     Checking parking_lot_core v0.4.0
[INFO] [stderr]     Checking tokio-fs v0.1.7
[INFO] [stderr]     Checking cookie v0.12.0
[INFO] [stderr]     Checking parking_lot v0.7.1
[INFO] [stderr]     Checking flate2 v1.0.17
[INFO] [stderr]     Checking flate2 v0.2.20
[INFO] [stderr]     Checking tokio v0.1.22
[INFO] [stderr]    Compiling openssl v0.10.30
[INFO] [stderr]    Compiling native-tls v0.2.4
[INFO] [stderr]     Checking hyper v0.12.35
[INFO] [stderr]    Compiling synstructure v0.12.4
[INFO] [stderr]     Checking kafka v0.8.0
[INFO] [stderr]    Compiling failure_derive v0.1.8
[INFO] [stderr]    Compiling serde_derive v1.0.116
[INFO] [stderr]    Compiling v_escape_derive v0.5.6
[INFO] [stderr]    Compiling actix_derive v0.3.2
[INFO] [stderr]     Checking hyper-tls v0.3.2
[INFO] [stderr]     Checking brotli2 v0.3.2
[INFO] [stderr]     Checking failure v0.1.8
[INFO] [stderr]     Checking trust-dns-proto v0.6.3
[INFO] [stderr]     Checking trust-dns-proto v0.5.0
[INFO] [stderr]     Checking v_escape v0.7.4
[INFO] [stderr]     Checking trust-dns-resolver v0.10.3
[INFO] [stderr]     Checking actix v0.7.9
[INFO] [stderr]     Checking serde v1.0.116
[INFO] [stderr]     Checking actix-net v0.2.6
[INFO] [stderr]     Checking serde_json v1.0.57
[INFO] [stderr]     Checking serde_urlencoded v0.5.5
[INFO] [stderr]     Checking cookie_store v0.7.0
[INFO] [stderr]     Checking reqwest v0.9.24
[INFO] [stderr]     Checking api-service v0.1.0 (/opt/rustwide/workdir)
[INFO] [stdout] error[E0433]: failed to resolve: use of undeclared type or module `future`
[INFO] [stdout]   --> src/handlers/mod.rs:43:25
[INFO] [stdout]    |
[INFO] [stdout] 43 |     let future_result = future::lazy(|| -> Result<String, ServiceError> {
[INFO] [stdout]    |                         ^^^^^^ use of undeclared type or module `future`
[INFO] [stdout] 
[INFO] [stdout] 
[INFO] [stdout] error[E0433]: failed to resolve: use of undeclared type or module `future`
[INFO] [stdout]   --> src/handlers/mod.rs:58:5
[INFO] [stdout]    |
[INFO] [stdout] 58 |     future::ok("OK".to_string()).responder()
[INFO] [stdout]    |     ^^^^^^ use of undeclared type or module `future`
[INFO] [stdout] 
[INFO] [stdout] 
[INFO] [stdout] error[E0433]: failed to resolve: use of undeclared type or module `future`
[INFO] [stdout]   --> src/handlers/mod.rs:88:5
[INFO] [stdout]    |
[INFO] [stdout] 88 |     future::ok(messages_from_kafka).responder()
[INFO] [stdout]    |     ^^^^^^ use of undeclared type or module `future`
[INFO] [stdout] 
[INFO] [stdout] 
[INFO] [stdout] warning: unused import: `tokio::prelude::*`
[INFO] [stdout]  --> src/handlers/mod.rs:8:5
[INFO] [stdout]   |
[INFO] [stdout] 8 | use tokio::prelude::*;
[INFO] [stdout]   |     ^^^^^^^^^^^^^^^^^
[INFO] [stdout]   |
[INFO] [stdout]   = note: `#[warn(unused_imports)]` on by default
[INFO] [stdout] 
[INFO] [stdout] 
[INFO] [stdout] error[E0433]: failed to resolve: use of undeclared type or module `future`
[INFO] [stdout]   --> src/handlers/mod.rs:43:25
[INFO] [stdout]    |
[INFO] [stdout] 43 |     let future_result = future::lazy(|| -> Result<String, ServiceError> {
[INFO] [stdout]    |                         ^^^^^^ use of undeclared type or module `future`
[INFO] [stdout] 
[INFO] [stdout] 
[INFO] [stdout] error[E0433]: failed to resolve: use of undeclared type or module `future`
[INFO] [stdout]   --> src/handlers/mod.rs:58:5
[INFO] [stdout]    |
[INFO] [stdout] 58 |     future::ok("OK".to_string()).responder()
[INFO] [stdout]    |     ^^^^^^ use of undeclared type or module `future`
[INFO] [stdout] 
[INFO] [stdout] 
[INFO] [stdout] error[E0433]: failed to resolve: use of undeclared type or module `future`
[INFO] [stdout]   --> src/handlers/mod.rs:88:5
[INFO] [stdout]    |
[INFO] [stdout] 88 |     future::ok(messages_from_kafka).responder()
[INFO] [stdout]    |     ^^^^^^ use of undeclared type or module `future`
[INFO] [stdout] 
[INFO] [stdout] 
[INFO] [stdout] warning: unused import: `tokio::prelude::*`
[INFO] [stdout]  --> src/handlers/mod.rs:8:5
[INFO] [stdout]   |
[INFO] [stdout] 8 | use tokio::prelude::*;
[INFO] [stdout]   |     ^^^^^^^^^^^^^^^^^
[INFO] [stdout]   |
[INFO] [stdout]   = note: `#[warn(unused_imports)]` on by default
[INFO] [stdout] 
[INFO] [stdout] 
[INFO] [stdout] warning: unused import: `actix_web::AsyncResponder`
[INFO] [stdout]  --> src/handlers/mod.rs:9:5
[INFO] [stdout]   |
[INFO] [stdout] 9 | use actix_web::AsyncResponder;
[INFO] [stdout]   |     ^^^^^^^^^^^^^^^^^^^^^^^^^
[INFO] [stdout] 
[INFO] [stdout] 
[INFO] [stdout] error: aborting due to 3 previous errors; 2 warnings emitted
[INFO] [stdout] 
[INFO] [stdout] 
[INFO] [stdout] For more information about this error, try `rustc --explain E0433`.
[INFO] [stdout] 
[INFO] [stderr] error: could not compile `api-service`.
[INFO] [stderr] 
[INFO] [stderr] To learn more, run the command again with --verbose.
[INFO] [stderr] warning: build failed, waiting for other jobs to finish...
[INFO] [stdout] warning: unused import: `actix_web::AsyncResponder`
[INFO] [stdout]  --> src/handlers/mod.rs:9:5
[INFO] [stdout]   |
[INFO] [stdout] 9 | use actix_web::AsyncResponder;
[INFO] [stdout]   |     ^^^^^^^^^^^^^^^^^^^^^^^^^
[INFO] [stdout] 
[INFO] [stdout] 
[INFO] [stdout] error: aborting due to 3 previous errors; 2 warnings emitted
[INFO] [stdout] 
[INFO] [stdout] 
[INFO] [stdout] For more information about this error, try `rustc --explain E0433`.
[INFO] [stdout] 
[INFO] [stderr] error: build failed
[INFO] running `Command { std: "docker" "inspect" "8422f938153cd810bf5c96f670185d7ec6d7a9bdb6cb906e87c75278073067c3", kill_on_drop: false }`
[INFO] running `Command { std: "docker" "rm" "-f" "8422f938153cd810bf5c96f670185d7ec6d7a9bdb6cb906e87c75278073067c3", kill_on_drop: false }`
[INFO] [stdout] 8422f938153cd810bf5c96f670185d7ec6d7a9bdb6cb906e87c75278073067c3
